{"id":1813,"date":"2023-03-08T21:52:30","date_gmt":"2023-03-08T20:52:30","guid":{"rendered":"https:\/\/www.forever66.ch\/?page_id=1813"},"modified":"2023-03-17T07:20:59","modified_gmt":"2023-03-17T06:20:59","slug":"mallorca-2022","status":"publish","type":"page","link":"https:\/\/www.forever66.ch\/index.php\/mallorca-2022\/","title":{"rendered":"Mallorca April 2022"},"content":{"rendered":"\n\n\t<h1>Trainingslager 20. bis 25. April 2022<\/h1>\n<h4>Wundersch\u00f6ne Erlebnisse<\/h4>\n\t<h2>\n\t\tErinnerungen!\n\t<\/h2>\n\t\t\t<p>Wir konnten zu acht das Trainingslager nach Mallorca fligen und im \u00d6rtchen Cala Rajada hatte wir sechs Tage auf Sandpl\u00e4tzen trainiert<b><i>Patrick M\u00fcnger<\/i><\/b><\/p>\t\t\n\t\t\t<p>Das Wetter war sehr unbest\u00e4ndig, Regen, bew\u00f6lkt und meistens k\u00fchl und nass.<\/p>\t\t\n\t<h1>Our Blog<\/h1>\n<p>Lorem ipsum dolor sit amet, consectetur adipiscing elit.<\/p>\n\n","protected":false},"excerpt":{"rendered":"<p>Trainingslager 20. bis 25. April 2022 Wundersch\u00f6ne Erlebnisse Erinnerungen! Wir konnten zu acht das Trainingslager nach Mallorca fligen und im \u00d6rtchen Cala Rajada hatte wir sechs Tage auf Sandpl\u00e4tzen trainiertPatrick M\u00fcnger Das Wetter war sehr unbest\u00e4ndig, Regen, bew\u00f6lkt und meistens k\u00fchl und nass. Our Blog Lorem ipsum dolor sit amet, consectetur adipiscing elit.<\/p>\n","protected":false},"author":2,"featured_media":0,"parent":0,"menu_order":0,"comment_status":"closed","ping_status":"closed","template":"","meta":{"_price":"","_stock":"","_tribe_ticket_header":"","_tribe_default_ticket_provider":"","_tribe_ticket_capacity":"0","_ticket_start_date":"","_ticket_end_date":"","_tribe_ticket_show_description":"","_tribe_ticket_show_not_going":false,"_tribe_ticket_use_global_stock":"","_tribe_ticket_global_stock_level":"","_global_stock_mode":"","_global_stock_cap":"","_tribe_rsvp_for_event":"","_tribe_ticket_going_count":"","_tribe_ticket_not_going_count":"","_tribe_tickets_list":"[]","_tribe_ticket_has_attendee_info_fields":false,"two_page_speed":[],"footnotes":"","_tec_slr_enabled":"","_tec_slr_layout":""},"class_list":["post-1813","page","type-page","status-publish","hentry"],"ticketed":false,"_links":{"self":[{"href":"https:\/\/www.forever66.ch\/index.php\/wp-json\/wp\/v2\/pages\/1813","targetHints":{"allow":["GET"]}}],"collection":[{"href":"https:\/\/www.forever66.ch\/index.php\/wp-json\/wp\/v2\/pages"}],"about":[{"href":"https:\/\/www.forever66.ch\/index.php\/wp-json\/wp\/v2\/types\/page"}],"author":[{"embeddable":true,"href":"https:\/\/www.forever66.ch\/index.php\/wp-json\/wp\/v2\/users\/2"}],"replies":[{"embeddable":true,"href":"https:\/\/www.forever66.ch\/index.php\/wp-json\/wp\/v2\/comments?post=1813"}],"version-history":[{"count":3,"href":"https:\/\/www.forever66.ch\/index.php\/wp-json\/wp\/v2\/pages\/1813\/revisions"}],"predecessor-version":[{"id":1869,"href":"https:\/\/www.forever66.ch\/index.php\/wp-json\/wp\/v2\/pages\/1813\/revisions\/1869"}],"wp:attachment":[{"href":"https:\/\/www.forever66.ch\/index.php\/wp-json\/wp\/v2\/media?parent=1813"}],"curies":[{"name":"wp","href":"https:\/\/api.w.org\/{rel}","templated":true}]}}